{"id":1362,"date":"2025-02-24T01:23:26","date_gmt":"2025-02-24T01:23:26","guid":{"rendered":"https:\/\/karyem.com.tr\/?page_id=1362"},"modified":"2025-03-03T10:40:33","modified_gmt":"2025-03-03T10:40:33","slug":"urunler","status":"publish","type":"page","link":"https:\/\/karyem.com.tr\/index.php\/urunler\/","title":{"rendered":"Urunler"},"content":{"rendered":"<div class=\"flex max-w-full flex-col flex-grow\">\n<div class=\"min-h-8 text-message flex w-full flex-col items-end gap-2 whitespace-normal break-words text-start [.text-message+&amp;]:mt-5\" dir=\"auto\" data-message-author-role=\"assistant\" data-message-id=\"266bde67-9ce7-4c83-9c39-7c75c0201310\" data-message-model-slug=\"gpt-4o\">\n<div class=\"flex w-full flex-col gap-1 empty:hidden first:pt-[3px]\">\n<div class=\"markdown prose w-full break-words dark:prose-invert light\">\n<p data-start=\"0\" data-end=\"423\">Urunler Hayvan yemi \u00e7e\u015fitleri, b\u00fcy\u00fckba\u015f ve k\u00fc\u00e7\u00fckba\u015f hayvanlar\u0131n sa\u011fl\u0131kl\u0131 geli\u015fimlerini, verimliliklerini ve genel sa\u011fl\u0131klar\u0131n\u0131 sa\u011flamak i\u00e7in kritik bir \u00f6neme sahiptir. Bu yemler, her hayvan t\u00fcr\u00fcn\u00fcn \u00f6zel beslenme ihtiya\u00e7lar\u0131n\u0131 kar\u015f\u0131lamak i\u00e7in \u00f6zel olarak form\u00fcle edilmi\u015ftir. Do\u011fru yem se\u00e7imi, hayvanlar\u0131n g\u00fc\u00e7l\u00fc bir \u015fekilde b\u00fcy\u00fcmeleri, hastal\u0131klardan korunmalar\u0131 ve y\u00fcksek verim sa\u011flamak i\u00e7in gerekli olan temel fakt\u00f6rlerden biridir.<\/p>\n<p data-start=\"425\" data-end=\"1100\"><strong data-start=\"425\" data-end=\"447\">B\u00fcy\u00fckba\u015f hayvanlar<\/strong> i\u00e7in \u00fcretilen yemler, \u00f6zellikle protein, enerji ve mineraller a\u00e7\u0131s\u0131ndan zengin i\u00e7eriklere sahiptir. Bu yemler, s\u0131\u011f\u0131rlar\u0131n g\u00fc\u00e7l\u00fc kas yap\u0131s\u0131na sahip olabilmesi, sa\u011fl\u0131kl\u0131 kemik geli\u015fimini destekleyebilmesi ve genel sa\u011fl\u0131k durumlar\u0131n\u0131n iyile\u015fmesi i\u00e7in tasarlan\u0131r. Genellikle i\u00e7eriklerinde m\u0131s\u0131r, soya fasulyesi, yonca, arpa ve saman gibi besleyici tah\u0131llar yer al\u0131r. Bu t\u00fcr yemler, s\u0131\u011f\u0131rlar\u0131n enerjik olmalar\u0131n\u0131 ve s\u00fct \u00fcretimlerini art\u0131rmalar\u0131n\u0131 sa\u011flar. Ayr\u0131ca, et verimini iyile\u015ftiren \u00f6zel form\u00fclasyonlarla desteklenir. B\u00fcy\u00fckba\u015f hayvanlar i\u00e7in yemlerin do\u011fru dengede olmas\u0131, hem s\u00fct verimlili\u011fini hem de et \u00fcretimini art\u0131rarak i\u015fletme karl\u0131l\u0131\u011f\u0131n\u0131 sa\u011flar.<\/p>\n<p data-start=\"1102\" data-end=\"1719\"><strong data-start=\"1102\" data-end=\"1124\">K\u00fc\u00e7\u00fckba\u015f hayvanlar<\/strong>, \u00f6zellikle koyun ve ke\u00e7iler, sindirim sistemlerine uygun yemlerle beslenir. K\u00fc\u00e7\u00fckba\u015f hayvanlar\u0131n beslenme ihtiya\u00e7lar\u0131, b\u00fcy\u00fckba\u015flardan biraz daha farkl\u0131d\u0131r. Bu t\u00fcr yemler, daha fazla lif ve d\u00fc\u015f\u00fck ya\u011f i\u00e7eri\u011fiyle, hayvanlar\u0131n sindirim sisteminin sa\u011fl\u0131kl\u0131 \u00e7al\u0131\u015fmas\u0131na yard\u0131mc\u0131 olur. \u0130\u00e7eri\u011finde y\u00fcksek kaliteli yonca, saman, arpa ve bu\u011fday gibi do\u011fal bile\u015fenler bulunur. Bu yemler, k\u00fc\u00e7\u00fckba\u015f hayvanlar\u0131n sa\u011fl\u0131kl\u0131 b\u00fcy\u00fcmelerini ve geli\u015fmelerini destekler. Ayr\u0131ca, koyunlar\u0131n ve ke\u00e7ilerin s\u00fct verimlili\u011fini art\u0131rmak ve et \u00fcretimini iyile\u015ftirmek i\u00e7in vitamin ve mineral takviyeleri de yemlerde yer al\u0131r.<\/p>\n<p data-start=\"1721\" data-end=\"2164\">Urunler her iki t\u00fcr i\u00e7in de yemlerin do\u011fru bile\u015fenlerle form\u00fcle edilmesi, hayvanlar\u0131n sa\u011fl\u0131\u011f\u0131n\u0131 korur ve s\u00fcrd\u00fcr\u00fclebilir \u00fcretimi destekler. Ayr\u0131ca, hayvanlar\u0131n ba\u011f\u0131\u015f\u0131kl\u0131k sistemini g\u00fc\u00e7lendiren, hastal\u0131klarla m\u00fccadelede etkili olan vitamin ve minerallerle zenginle\u015ftirilen yemler, daha sa\u011fl\u0131kl\u0131 bir ya\u015fam sa\u011flar. Bu yemler, hayvanlar\u0131n uzun vadede daha verimli olmas\u0131na, \u00fcretim kapasitesinin artmas\u0131na ve genel refahlar\u0131n\u0131n y\u00fckselmesine katk\u0131da bulunur.<\/p>\n<p data-start=\"2166\" data-end=\"2495\" data-is-last-node=\"\" data-is-only-node=\"\">Sonu\u00e7 olarak, b\u00fcy\u00fckba\u015f ve k\u00fc\u00e7\u00fckba\u015f hayvanlar i\u00e7in \u00fcretilen kaliteli yemler, sadece sa\u011fl\u0131kl\u0131 b\u00fcy\u00fcmeyi desteklemekle kalmaz, ayn\u0131 zamanda tar\u0131msal \u00fcretimin s\u00fcrd\u00fcr\u00fclebilirli\u011fini art\u0131ran \u00f6nemli bir unsurdur. Sa\u011fl\u0131kl\u0131 beslenme, y\u00fcksek verimlili\u011fin anahtar\u0131d\u0131r ve do\u011fru yem se\u00e7imi, ba\u015far\u0131l\u0131 bir \u00e7iftlik i\u015fletmesinin temelini olu\u015fturur.<\/p>\n<\/div>\n<\/div>\n<\/div>\n<\/div>\n<p>Uretimimiz olan yem cesitlerimiz<\/p>\n<p><a href=\"https:\/\/karyem.com.tr\/index.php\/2025\/02\/22\/toklu-yemi-2\/\"><span style=\"font-size: 14pt;\">Toklu Yemi<\/span><\/a><\/p>\n<p><a href=\"https:\/\/karyem.com.tr\/index.php\/2025\/02\/21\/kuru-donem-yemi-pelet-2\/\"><span style=\"font-size: 14pt;\">Kuru D\u00f6nem Yemi Pelet<\/span><\/a><\/p>\n<p><a href=\"https:\/\/karyem.com.tr\/index.php\/2025\/02\/21\/sigir-yemi-21-pelet\/\"><span style=\"font-size: 14pt;\">S\u0131\u011f\u0131r Yemi 21 Pelet<\/span><\/a><\/p>\n<p><a href=\"https:\/\/karyem.com.tr\/index.php\/2025\/02\/21\/kuzu-buyutme-yemi-toz-2\/\"><span style=\"font-size: 14pt;\">Kuzu b\u00fcy\u00fctme yemi to<\/span><\/a><span style=\"font-size: 14pt;\">z<\/span><\/p>\n<p><a href=\"https:\/\/karyem.com.tr\/index.php\/2025\/02\/21\/buzagi-baslangic-yemi-pelet-2\/\"><span style=\"font-size: 14pt;\">Buza\u011f\u0131 Ba\u015flang\u0131\u00e7 Yemi Pelet<\/span><\/a><\/p>\n<p><span style=\"font-size: 14pt;\"><a href=\"https:\/\/karyem.com.tr\/index.php\/2025\/02\/21\/toklu-besi-yemi-toz-2\/\">Toklu besi yemi toz<\/a><\/span><\/p>\n<p><a href=\"https:\/\/karyem.com.tr\/index.php\/2025\/02\/21\/toklu-besi-yemi-pelet-2\/\"><span style=\"font-size: 14pt;\">Toklu Besi Yemi Pelet<\/span><\/a><\/p>\n<p><a href=\"https:\/\/karyem.com.tr\/index.php\/2025\/02\/21\/kuzu-buyutme-yemi-pelet\/\"><span style=\"font-size: 14pt;\">Kuzu b\u00fcy\u00fctme yemi pelet<\/span><\/a><\/p>\n<p><a href=\"https:\/\/karyem.com.tr\/index.php\/2025\/01\/31\/ozel-toklu-besi-yemi-toz\/\"><span style=\"font-size: 14pt;\">Ozel Toklu Besi Yemi Toz<\/span><\/a><\/p>\n<p><span style=\"font-size: 14pt;\"><a href=\"https:\/\/karyem.com.tr\/index.php\/2025\/02\/24\/buzagi-buyutme-yemi-pelet-2\/\">Buza\u011f\u0131 B\u00fcy\u00fctme Yemi Pelet<\/a><\/span><\/p>\n<p><a href=\"https:\/\/karyem.com.tr\/index.php\/2025\/02\/24\/koyun-sut-yemi-pelet-2\/\"><span style=\"font-size: 14pt;\">Koyun S\u00fct Yemi Pelet<\/span><\/a><\/p>\n<p><span style=\"font-size: 14pt;\"><a href=\"https:\/\/karyem.com.tr\/index.php\/2025\/02\/24\/besi-bitirme-yemi\/\">S\u0131\u011fr Besi Bitirme Yemi Pelet<\/a><\/span><\/p>\n<p><a href=\"https:\/\/karyem.com.tr\/index.php\/2025\/02\/25\/koyun-sut-yemi-tozu\/\"><span style=\"font-size: 14pt;\">Koyun S\u00fct Yemi Tozu<\/span><\/a><\/p>\n<p><span style=\"font-size: 14pt;\"><a href=\"https:\/\/karyem.com.tr\/index.php\/2025\/02\/27\/sigir-sut-yemi-19-protein-pelet-2\/\">S\u0131\u011f\u0131r S\u00fct Yemi 19 Protein Pelet<\/a><\/span><\/p>\n<p><span style=\"font-size: 14pt;\"><a href=\"https:\/\/karyem.com.tr\/index.php\/2025\/02\/24\/duve-yemi-pelet-2\/\">D\u00fcve Yemi Pelet<\/a><\/span><\/p>\n<p><span style=\"font-size: 14pt;\"><a href=\"https:\/\/karyem.com.tr\/index.php\/2025\/02\/21\/kuru-donem-yemi-pelet-2\/\">Kuru D\u00f6nem Yemi Pelet<\/a><\/span><\/p>\n<p><span style=\"font-size: 14pt;\"><a href=\"https:\/\/karyem.com.tr\/index.php\/2025\/03\/01\/sigir-besi-yemi-pelet-2\/\">S\u0131\u011f\u0131r Besi Yemi Pelet<\/a><\/span><\/p>\n<p><span style=\"font-size: 14pt;\"><a href=\"https:\/\/karyem.com.tr\/index.php\/2025\/03\/01\/sigir-sut-yemi-18\/\">S\u0131\u011f\u0131r S\u00fct Yemi 18<\/a><\/span><\/p>\n<p>&nbsp;<\/p>\n","protected":false},"excerpt":{"rendered":"<p>Urunler Hayvan yemi \u00e7e\u015fitleri, b\u00fcy\u00fckba\u015f ve k\u00fc\u00e7\u00fckba\u015f hayvanlar\u0131n sa\u011fl\u0131kl\u0131 geli\u015fimlerini, verimliliklerini ve genel sa\u011fl\u0131klar\u0131n\u0131 sa\u011flamak i\u00e7in kritik bir \u00f6neme sahiptir. Bu yemler, her hayvan t\u00fcr\u00fcn\u00fcn \u00f6zel beslenme ihtiya\u00e7lar\u0131n\u0131 kar\u015f\u0131lamak i\u00e7in&hellip;<\/p>\n","protected":false},"author":1,"featured_media":0,"parent":0,"menu_order":0,"comment_status":"closed","ping_status":"closed","template":"","meta":{"footnotes":""},"class_list":["post-1362","page","type-page","status-publish","hentry"],"yoast_head":"<!-- This site is optimized with the Yoast SEO plugin v26.8 - https:\/\/yoast.com\/product\/yoast-seo-wordpress\/ -->\n<title>urunler<\/title>\n<meta name=\"description\" content=\"Urunler her iki hayvan t\u00fcr\u00fc i\u00e7in de yemlerin do\u011fru form\u00fclasyonlarla se\u00e7ilmesi, hayvanlar\u0131n sa\u011fl\u0131kl\u0131 bir \u015fekilde geli\u015fmesini\" \/>\n<meta name=\"robots\" content=\"index, follow, max-snippet:-1, max-image-preview:large, max-video-preview:-1\" \/>\n<link rel=\"canonical\" href=\"https:\/\/karyem.com.tr\/index.php\/urunler\/\" \/>\n<meta property=\"og:locale\" content=\"tr_TR\" \/>\n<meta property=\"og:type\" content=\"article\" \/>\n<meta property=\"og:title\" content=\"urunler\" \/>\n<meta property=\"og:description\" content=\"Urunler her iki hayvan t\u00fcr\u00fc i\u00e7in de yemlerin do\u011fru form\u00fclasyonlarla se\u00e7ilmesi, hayvanlar\u0131n sa\u011fl\u0131kl\u0131 bir \u015fekilde geli\u015fmesini\" \/>\n<meta property=\"og:url\" content=\"https:\/\/karyem.com.tr\/index.php\/urunler\/\" \/>\n<meta property=\"og:site_name\" content=\"Karyem\" \/>\n<meta property=\"article:modified_time\" content=\"2025-03-03T10:40:33+00:00\" \/>\n<meta name=\"twitter:card\" content=\"summary_large_image\" \/>\n<meta name=\"twitter:label1\" content=\"Tahmini okuma s\u00fcresi\" \/>\n\t<meta name=\"twitter:data1\" content=\"3 dakika\" \/>\n<script type=\"application\/ld+json\" class=\"yoast-schema-graph\">{\"@context\":\"https:\/\/schema.org\",\"@graph\":[{\"@type\":\"WebPage\",\"@id\":\"https:\/\/karyem.com.tr\/index.php\/urunler\/\",\"url\":\"https:\/\/karyem.com.tr\/index.php\/urunler\/\",\"name\":\"urunler\",\"isPartOf\":{\"@id\":\"https:\/\/karyem.com.tr\/#website\"},\"datePublished\":\"2025-02-24T01:23:26+00:00\",\"dateModified\":\"2025-03-03T10:40:33+00:00\",\"description\":\"Urunler her iki hayvan t\u00fcr\u00fc i\u00e7in de yemlerin do\u011fru form\u00fclasyonlarla se\u00e7ilmesi, hayvanlar\u0131n sa\u011fl\u0131kl\u0131 bir \u015fekilde geli\u015fmesini\",\"breadcrumb\":{\"@id\":\"https:\/\/karyem.com.tr\/index.php\/urunler\/#breadcrumb\"},\"inLanguage\":\"tr\",\"potentialAction\":[{\"@type\":\"ReadAction\",\"target\":[\"https:\/\/karyem.com.tr\/index.php\/urunler\/\"]}]},{\"@type\":\"BreadcrumbList\",\"@id\":\"https:\/\/karyem.com.tr\/index.php\/urunler\/#breadcrumb\",\"itemListElement\":[{\"@type\":\"ListItem\",\"position\":1,\"name\":\"Anasayfa\",\"item\":\"https:\/\/karyem.com.tr\/\"},{\"@type\":\"ListItem\",\"position\":2,\"name\":\"Urunler\"}]},{\"@type\":\"WebSite\",\"@id\":\"https:\/\/karyem.com.tr\/#website\",\"url\":\"https:\/\/karyem.com.tr\/\",\"name\":\"Karyem\",\"description\":\"Karyem\",\"publisher\":{\"@id\":\"https:\/\/karyem.com.tr\/#organization\"},\"potentialAction\":[{\"@type\":\"SearchAction\",\"target\":{\"@type\":\"EntryPoint\",\"urlTemplate\":\"https:\/\/karyem.com.tr\/?s={search_term_string}\"},\"query-input\":{\"@type\":\"PropertyValueSpecification\",\"valueRequired\":true,\"valueName\":\"search_term_string\"}}],\"inLanguage\":\"tr\"},{\"@type\":\"Organization\",\"@id\":\"https:\/\/karyem.com.tr\/#organization\",\"name\":\"Karyem\",\"url\":\"https:\/\/karyem.com.tr\/\",\"logo\":{\"@type\":\"ImageObject\",\"inLanguage\":\"tr\",\"@id\":\"https:\/\/karyem.com.tr\/#\/schema\/logo\/image\/\",\"url\":\"https:\/\/karyem.com.tr\/wp-content\/uploads\/2025\/02\/cropped-ust.jpg\",\"contentUrl\":\"https:\/\/karyem.com.tr\/wp-content\/uploads\/2025\/02\/cropped-ust.jpg\",\"width\":531,\"height\":100,\"caption\":\"Karyem\"},\"image\":{\"@id\":\"https:\/\/karyem.com.tr\/#\/schema\/logo\/image\/\"}}]}<\/script>\n<!-- \/ Yoast SEO plugin. -->","yoast_head_json":{"title":"urunler","description":"Urunler her iki hayvan t\u00fcr\u00fc i\u00e7in de yemlerin do\u011fru form\u00fclasyonlarla se\u00e7ilmesi, hayvanlar\u0131n sa\u011fl\u0131kl\u0131 bir \u015fekilde geli\u015fmesini","robots":{"index":"index","follow":"follow","max-snippet":"max-snippet:-1","max-image-preview":"max-image-preview:large","max-video-preview":"max-video-preview:-1"},"canonical":"https:\/\/karyem.com.tr\/index.php\/urunler\/","og_locale":"tr_TR","og_type":"article","og_title":"urunler","og_description":"Urunler her iki hayvan t\u00fcr\u00fc i\u00e7in de yemlerin do\u011fru form\u00fclasyonlarla se\u00e7ilmesi, hayvanlar\u0131n sa\u011fl\u0131kl\u0131 bir \u015fekilde geli\u015fmesini","og_url":"https:\/\/karyem.com.tr\/index.php\/urunler\/","og_site_name":"Karyem","article_modified_time":"2025-03-03T10:40:33+00:00","twitter_card":"summary_large_image","twitter_misc":{"Tahmini okuma s\u00fcresi":"3 dakika"},"schema":{"@context":"https:\/\/schema.org","@graph":[{"@type":"WebPage","@id":"https:\/\/karyem.com.tr\/index.php\/urunler\/","url":"https:\/\/karyem.com.tr\/index.php\/urunler\/","name":"urunler","isPartOf":{"@id":"https:\/\/karyem.com.tr\/#website"},"datePublished":"2025-02-24T01:23:26+00:00","dateModified":"2025-03-03T10:40:33+00:00","description":"Urunler her iki hayvan t\u00fcr\u00fc i\u00e7in de yemlerin do\u011fru form\u00fclasyonlarla se\u00e7ilmesi, hayvanlar\u0131n sa\u011fl\u0131kl\u0131 bir \u015fekilde geli\u015fmesini","breadcrumb":{"@id":"https:\/\/karyem.com.tr\/index.php\/urunler\/#breadcrumb"},"inLanguage":"tr","potentialAction":[{"@type":"ReadAction","target":["https:\/\/karyem.com.tr\/index.php\/urunler\/"]}]},{"@type":"BreadcrumbList","@id":"https:\/\/karyem.com.tr\/index.php\/urunler\/#breadcrumb","itemListElement":[{"@type":"ListItem","position":1,"name":"Anasayfa","item":"https:\/\/karyem.com.tr\/"},{"@type":"ListItem","position":2,"name":"Urunler"}]},{"@type":"WebSite","@id":"https:\/\/karyem.com.tr\/#website","url":"https:\/\/karyem.com.tr\/","name":"Karyem","description":"Karyem","publisher":{"@id":"https:\/\/karyem.com.tr\/#organization"},"potentialAction":[{"@type":"SearchAction","target":{"@type":"EntryPoint","urlTemplate":"https:\/\/karyem.com.tr\/?s={search_term_string}"},"query-input":{"@type":"PropertyValueSpecification","valueRequired":true,"valueName":"search_term_string"}}],"inLanguage":"tr"},{"@type":"Organization","@id":"https:\/\/karyem.com.tr\/#organization","name":"Karyem","url":"https:\/\/karyem.com.tr\/","logo":{"@type":"ImageObject","inLanguage":"tr","@id":"https:\/\/karyem.com.tr\/#\/schema\/logo\/image\/","url":"https:\/\/karyem.com.tr\/wp-content\/uploads\/2025\/02\/cropped-ust.jpg","contentUrl":"https:\/\/karyem.com.tr\/wp-content\/uploads\/2025\/02\/cropped-ust.jpg","width":531,"height":100,"caption":"Karyem"},"image":{"@id":"https:\/\/karyem.com.tr\/#\/schema\/logo\/image\/"}}]}},"jetpack_sharing_enabled":true,"_links":{"self":[{"href":"https:\/\/karyem.com.tr\/index.php\/wp-json\/wp\/v2\/pages\/1362","targetHints":{"allow":["GET"]}}],"collection":[{"href":"https:\/\/karyem.com.tr\/index.php\/wp-json\/wp\/v2\/pages"}],"about":[{"href":"https:\/\/karyem.com.tr\/index.php\/wp-json\/wp\/v2\/types\/page"}],"author":[{"embeddable":true,"href":"https:\/\/karyem.com.tr\/index.php\/wp-json\/wp\/v2\/users\/1"}],"replies":[{"embeddable":true,"href":"https:\/\/karyem.com.tr\/index.php\/wp-json\/wp\/v2\/comments?post=1362"}],"version-history":[{"count":19,"href":"https:\/\/karyem.com.tr\/index.php\/wp-json\/wp\/v2\/pages\/1362\/revisions"}],"predecessor-version":[{"id":1656,"href":"https:\/\/karyem.com.tr\/index.php\/wp-json\/wp\/v2\/pages\/1362\/revisions\/1656"}],"wp:attachment":[{"href":"https:\/\/karyem.com.tr\/index.php\/wp-json\/wp\/v2\/media?parent=1362"}],"curies":[{"name":"wp","href":"https:\/\/api.w.org\/{rel}","templated":true}]}}